7*q(h). What is n(d)?
7
Let a(h) = -h + 1. Let z be a(-5). Let o(q) = 5*q + 1. Let i(d) = 9*d + 2. Let n(x) = -6*i(x) + 11*o(x). Calculate n(z).
5
Let v(b) = -10*b**2 - b. Let j be v(1). Let h = j - -5. Let l(i) be the second derivative of -i**5/20 - 5*i**4/12 + 4*i**3/3 + 3*i**2 + i + 197. What is l(h)?
-6
Let l(u) = -3*u + 10 + 3*u - u - 2. Let w(t) = 2*t - 15. Let i(g) = -9*l(g) - 4*w(g). Let j be (3 + -3)/((-2)/(-2)). Determine i(j).
-12
Let y(s) = 6*s - 3*s**2 + 1 + 2 - 6 + 2*s**2. Calculate y(6).
-3
Let u(f) = 7*f**3 + 2*f + 1. Let c(w) be the second derivative of w**5/20 - w**4/2 + 5*w**3/6 - 2*w**2 + 3*w. Let h be c(5). Let a = h - -3. What is u(a)?
-8
Suppose 2*a - 4*t = -t - 7, -a + t - 2 = 0. Let b = a - 5. Let d(f) = -3*f**2 - 3*f + 0*f**2 + 2*f**2 - 4. What is d(b)?
-8
Let w = 8 - 13. Let g = w + 8. Let x(i) = i - 4. Determine x(g).
-1
Let z(o) = -17*o + 10*o - 10 + 8*o + 2. Give z(7).
-1
Let x(l) be the first derivative of l**4/4 + l**3/3 + l - 78. Determine x(-2).
-3
Let w(k) = k**2 - 3*k + 2. Let b be (-15)/(-20)*16/6. What is w(b)?
0
Let h(y) = 6 + 1 + 4*y - 5*y + y**2 - 9*y. Determine h(6).
-17
Let r(n) = -3*n + 1 + n**2 - 4*n + 1. Suppose 33 = 5*i + 3*c, 0*c + 2 = 2*c. Determine r(i).
-4
Let v(y) = y**2 - 2*y + 5*y + y - 2*y**2 - 1. Let k = 7 - 2. Calculate v(k).
-6
Let w(j) be the first derivative of j**4/4 - 5*j**3/3 + 2*j - 2. Calculate w(4).
-14
Let x(s) = 2 - 9*s - 127*s**2 + s**3 + 133*s**2 - 4. Calculate x(-7).
12
Let f(x) = 0*x + 0*x + 2*x**2 + x**3. Let m = -9 + 17. Suppose o = -3*o - m. Calculate f(o).
0
Let v be (1 - 3)/(-2) - -2. Suppose 0 = -3*m + v. Let a(o) = m + 0 + 0 + o. Determine a(-2).
-1
Let p(t) = -t**2 + t - 4. Let d = -15 - -23. Suppose -5*z - 14 - 11 = 0. Let c = z + d. Calculate p(c).
-10
Let n(r) = 4 + 4*r + 4*r + 5*r - 3. Calculate n(-1).
-12
Let m(t) = -t**2 + 7*t - 4. Let x = -5 - -9. Let q(n) = n**3 - 5*n**2 + 5*n + 2. Let u be q(x). Calculate m(u).
2
Let a = 4 + -1. Let c(q) = a - 3 + 5*q - 4*q. Calculate c(-5).
-5
Let o = 61 - 63. Let v(a) = a**3 + 4*a**2 + 2*a - 2. Give v(o).
2
Let s(n) = 3*n + 6. Let r(v) = -9*v - 15. Let m(f) = -19*f - 31. Let x(d) = 4*m(d) - 9*r(d). Suppose p - 21 = 4*p. Let y(o) = p*s(o) + 4*x(o). Determine y(2).
0
Let m(r) = 8*r**3 - 16*r**2 + 11*r - 29. Let a(p) = -3*p**3 + 5*p**2 - 4*p + 10. Let n(b) = -11*a(b) - 4*m(b). Give n(-9).
6
Let z(v) be the second derivative of -1/120*v**5 + 1/240*v**6 + v + 0 + 0*v**3 + 0*v**2 - 1/12*v**4. Let m(j) be the third derivative of z(j). Give m(-2).
-7
Let d be (-6)/((4 - 2)*-1). Let v(c) = -c**2 + 2*c - 4. Give v(d).
-7
Let p be -2 + -6*(-2)/4. Let c(t) = -t + 1. Let s(x) = 4*x - 3. Let u(a) = p*s(a) + 5*c(a). Suppose -3*d + 4 = 2*w, 7 - 3 = d + 2*w. Determine u(d).
2
Let j(w) = 6*w**3 + 2*w**2 + 2*w + 1. Let s = 33 + -34. Calculate j(s).
-5
Let p(t) = 25*t**2 + 5*t + 2. Let i(o) = 9*o**2 + 2*o + 1. Let n(v) = 11*i(v) - 4*p(v). Suppose -8 = -3*s + f, -2*f = -s + f. Give n(s).
0
Let b(a) = 1 - 2*a + 3*a - 3*a - 7*a**2. Suppose -4*l + 2*y = 6*y - 20, 2*l + 4*y = 18. What is b(l)?
-8
Let x(i) be the third derivative of -i**4/24 + i**3/6 + 12*i**2. Give x(4).
-3
Let z = 3 + -2. Let t(v) = -17*v. Calculate t(z).
-17
Suppose -3*b + 5*d - 3 = d, -5*d = -5*b. Let h(t) = 4*t**3 + 0*t**3 + 2*t**2 + 2*t**3 - 5*t**b - 4*t. Give h(-3).
3
Let i(d) = d**2 + 4*d - 7. Let w(x) = x**3 + x**2 - x - 5. Let l be w(0). Let u be i(l). Let m be 0 - (4 + u + -1). Let f(y) = -2*y + 1. Determine f(m).
3
Let t(b) be the first derivative of b**2/2 - 2*b - 9. Determine t(-3).
-5
Let u(i) = i**3 - 4*i**2 + 2*i - 6. Let h be 1/3 + (-22)/(-6). Suppose -3*d = h*k + 40, 0*d = d + 3*k + 20. Let m = -4 - d. Calculate u(m).
2
Let z(s) = -4*s - s**3 + 2 + 5*s + 0*s + 5*s**2. Determine z(5).
7
Suppose 3 = -s - 2. Let b = s + 6. Let k(a) = a**3. Let x(n) = 8*n**3 - n**2 - n + 1. Let l(q) = -3*k(q) - x(q). Give l(b).
-10
Suppose 3*g - 3 = 0, 3*u - 16 = -2*u - g. Let a(y) = -y**2 + 2*y + 6. Let z(b) = -b**2 + 2*b + 5. Let f(j) = 2*a(j) - 3*z(j). Calculate f(u).
0
Let x(b) = 6*b**3 + 9*b**2 - 10*b. Let o(z) = 5*z**3 + 8*z**2 - 9*z + 1. Let n(r) = 5*o(r) - 4*x(r). What is n(-5)?
5
Let a = 6 + -1. Let s(h) = 7*h**3 + 11*h**2 + 3*h - 5. Let c(r) = -6*r**3 - 10*r**2 - 3*r + 4. Let f(v) = a*s(v) + 6*c(v). Determine f(-3).
-10
Let b(r) = 3*r + 5*r**2 + 2 - 2*r**2 - 2*r**2. Let l be b(-3). Let n(s) = -3*s**l + 2 + 3*s + 0*s**2 + 4*s**2. Calculate n(-2).
0
Let k(u) = -u + 14. Let n be k(9). Let w(l) = -4*l**2 + l**2 + 3 - l**3 + n*l + 2. Determine w(-4).
1
Let i(l) = l**3 - 5*l**2 - 5*l - 2. Let n be i(6). Let t = n - 5. Let a(b) be the third derivative of -b**6/40 - b**5/60 - b**4/24 + b**2. Determine a(t).
3
Let u = 6 + -12. Let h be 1*u/3 + 5. Let l(j) = -j + h*j - 3*j - j - 2. What is l(-4)?
6
Let k(u) be the second derivative of -u**8/6720 - u**7/504 - u**6/360 - u**5/30 - u**4/4 + u. Let n(q) be the third derivative of k(q). Give n(-5).
6
Suppose 1 = 3*p - 4*a, -5*p + 5*a - 1 = -6. Let q(b) = -b**3 - 3*b**2 - 3*b + 1. Let w(o) = -o**3 - 2*o**2 - 2*o. Let u(k) = 4*q(k) - 5*w(k). Determine u(p).
7
Let y(q) be the first derivative of -7/2*q**2 - 4 - q. Determine y(-1).
6
Let s be (-1)/(-2)*(-5)/(-20). Let q(m) be the third derivative of -s*m**4 + 0 - m**2 - 1/3*m**3 + 0*m. Determine q(-2).
4
Suppose 2*y - 10 = 0, 5*t = -2*y + 4*y - 45. Let w(b) = b**2 + 6*b + 9. Determine w(t).
16
Let a(q) = q**3 + 3*q**2 - 5*q + 2. Let w be 1 - (-20)/(-4)*1. What is a(w)?
6
Let v(a) = a + 8 - a**3 + 8*a - 18*a + 8*a - a**2. Let w = -1 + 1. Give v(w).
8
Let f(v) = 1 - 2 - 5*v - v**2 - 2 - v. Suppose 1 + 1 = d. Suppose 2*m + 2 + d = 0. Calculate f(m).
5
Let r(z) = 3*z**3 + 2*z**2 + z - 2. Let l = 13 + -15. Determine r(l).
-20
Let v = -17 + 22. Let b(c) = -c**2 + 4*c + 5. Calculate b(v).
0
Let z(o) be the third derivative of -o**6/120 - o**5/15 + o**4/12 - o**3/6 - 21*o**2. Calculate z(-4).
-9
Let s = 11 - 6. Let d = s + -2. Let v be 6/d - 0 - 3. Let b(g) = g. What is b(v)?
-1
Let u(p) = -p. Let t(v) = 11*v - 2. Let i be t(2). Suppose 5*c + i = c. What is u(c)?
5
Let u = -21 + 21. Let j(k) be the third derivative of -1/30*k**5 + k**2 + u - 2/3*k**3 + 1/120*k**6 + 0*k - 1/24*k**4. Give j(3).
2
Let o(r) be the second derivative of r**3/6 - r**2/2 + 4*r + 6. What is o(3)?
2
Let w(b) be the third derivative of -b**6/120 - b**5/12 - 2*b**3/3 + 15*b**2. Calculate w(-5).
-4
Let m(y) be the second derivative of y**5/20 - 5*y**4/12 + 5*y**3/6 - 2*y**2 + 12*y. What is m(4)?
0
Let s(v) = v**2 + 2*v. Let g be s(-3). Let o(i) = 0*i**3 + 3*i + 2*i**2 - i**g - i - 5*i. Calculate o(2).
-6
Let l(v) = 2*v + 5. Let w be 1/(-2)*(30 + -4). Let n = w + 9. Give l(n).
-3
Let g(h) = 11*h**2 + 11*h + 15. Let t(b) = -5*b**2 - 5*b - 7. Let z = -42 - -29. Let y(p) = z*t(p) - 6*g(p). Let j = 2 - 0. Determine y(j).
-5
Let b(o) be the first derivative of -o**4/4 - o**3/3 + 2. Let q be b(1). Let r(j) = -j**2 + j + 0*j + 2 + 2*j. What is r(q)?
-8
Let n(b) = -b**2 + 7 - 135*b + 70*b + 70*b. What is n(7)?
-7
Let p be ((-4)/10)/((-6)/(-60)). Let r(f) be the second derivative of f**5/20 + f**4/6 - 5*f**3/6 + 3*f**2/2 + 2*f. Give r(p).
-9
Let x(t) be the second derivative of -t**4/12 + 2*t**3/3 + 3*t**2 + 8*t. Determine x(5).
1
Let t(r) = -4*r**3 + 3*r**2 + 3. Let l(u) = u**3 - 2. Let d(x) = -2*l(x) - t(x). Determine d(-2).
-27
Let q(y) be the third derivative of y**6/120 + y**5/10 + y**4/6 - 2*y**3/3 + 4*y**2. Calculate q(-5).
1
Let z(c) = -2*c - 3. Let f be z(-2). Let k = 2 + 1. Let o = k + f. Let q(a) = -2*a + 1. Determine q(o).
-7
Let f = 1 - 0. Let h(v) be the third derivative of 0 - v**2 - 1/10*v**5 + 0*v**4 - 1/6*v**3 + 0*v. Calculate h(f).
-7
Let g(o) be the second derivative of -o**3/3 + o**2/2 - 15*o. What is g(-3)?
7
Let c(f) = f - 4. Let a(v) = v**3 - 4*v**2 + 3*v + 3. Let u be a(3). Suppose -4*x - 3 = -x. Let t = u + x. Give c(t).
-2
Suppose 4*x - 8 = -b, -2*x = -3*b - 0*b + 10. Let a(z) be the second derivative of 1/6*z**3 - 3*z + 0 + 1/12*z**b - z**2. Determine a(0).
-2
Let m be ((-27)/(-12))/(76/(-32) + 2). Let n(k) = -k**3 - 6*k**2 + 3*k - 1. Give n(m).
-19
Let k be 2/(-9) - (-116)/36. Let j(f) be the third derivative of -f**6/360 + f**5/40 - f**3/6 - 2*f**2. Let y(x) be the first derivative of j(x). Give y(k).
0